culate the highest common divisor of 109 and 4613207.
109
Calculate the highest common divisor of 53376 and 1143616.
64
What is the highest common divisor of 190 and 370130?
10
Calculate the highest common factor of 728004 and 1824.
228
Calculate the greatest common factor of 900760 and 504280.
280
Calculate the greatest common divisor of 56068157 and 28384.
887
What is the highest common factor of 22881 and 3216753?
789
Calculate the greatest common divisor of 7303131 and 18744.
2343
What is the greatest common divisor of 45677532 and 5307?
183
What is the greatest common factor of 195472 and 64752?
304
What is the greatest common factor of 75777 and 64844?
377
What is the highest common factor of 45192 and 30175882?
538
Calculate the highest common divisor of 149894144 and 160.
32
Calculate the highest common factor of 6969199 and 7153.
311
What is the greatest common factor of 44 and 274852?
4
What is the highest common factor of 405006 and 266?
14
Calculate the highest common factor of 221279 and 13667.
79
What is the highest common factor of 2798 and 1514?
2
What is the greatest common factor of 745 and 546979?
149
Calculate the greatest common divisor of 23364361 and 3522.
587
Calculate the highest common factor of 1077306 and 92190.
2634
Calculate the highest common divisor of 13992 and 2227272.
1272
What is the highest common factor of 81983 and 11049?
29
Calculate the highest common divisor of 1688 and 5478404.
844
Calculate the highest common divisor of 296 and 1464941.
37
What is the highest common factor of 648526 and 5461?
43
Calculate the highest common divisor of 13709 and 8.
1
What is the greatest common divisor of 75471 and 26631?
33
What is the greatest common divisor of 1594323 and 2268?
81
Calculate the highest common divisor of 33340086 and 81.
81
Calculate the highest common divisor of 16795 and 187556483.
3359
What is the highest common factor of 9858 and 4701522?
186
What is the greatest common factor of 902098 and 34504?
454
What is the greatest common factor of 1144 and 1288?
8
What is the highest common divisor of 9311708 and 28?
28
Calculate the greatest common factor of 940 and 684210.
10
Calculate the greatest common divisor of 55608 and 14316.
12
Calculate the greatest common divisor of 18067172 and 124.
124
What is the highest common factor of 104670020 and 14?
14
Calculate the highest common factor of 286215 and 87765.
15
Calculate the highest common factor of 7016472 and 1104.
552
Calculate the greatest common divisor of 43065961 and 2075.
83
Calculate the highest common factor of 211898 and 202.
202
What is the greatest common factor of 1215 and 4008042?
243
What is the highest common factor of 4554 and 1826451?
99
What is the highest common divisor of 342662 and 11826?
146
What is the highest common factor of 25166944 and 1349?
1349
Calculate the highest common factor of 330752 and 142336.
1024
Calculate the greatest common divisor of 4894087 and 85184.
1331
What is the greatest common factor of 5330 and 552397920?
410
What is the greatest common divisor of 8374149 and 4347?
63
What is the highest common factor of 9035 and 366204813?
1807
Calculate the greatest common divisor of 370 and 829820.
10
Calculate the greatest common factor of 236737142 and 124.
62
What is the highest common divisor of 59486 and 4119430?
98
What is the greatest common factor of 6100 and 1337852?
244
What is the greatest common divisor of 1266732 and 7925?
317
Calculate the greatest common divisor of 3405968 and 32.
16
Calculate the highest common divisor of 10 and 1230673845.
5
What is the highest common factor of 162 and 13751982?
18
Calculate the highest common factor of 5559 and 6792117.
327
What is the greatest common divisor of 1892121 and 1925?
77
What is the greatest common divisor of 7414902 and 23484?
114
What is the greatest common factor of 10580070 and 47415?
435
Calculate the highest common divisor of 1365214 and 17.
1
What is the greatest common divisor of 13925 and 27762551?
557
Calculate the greatest common factor of 374027150 and 2425.
2425
What is the greatest common divisor of 72576 and 53298?
1134
What is the highest common factor of 15144945 and 2190?
1095
What is the highest common factor of 174024249 and 57?
57
What is the highest common divisor of 8414521 and 59?
59
What is the greatest common divisor of 2896321 and 1472?
23
What is the greatest common divisor of 1840 and 2365360?
80
Calculate the greatest common factor of 1760 and 6543020.
220
Calculate the highest common factor of 56 and 9887738.
14
Calculate the greatest common divisor of 20 and 53375372.
4
What is the greatest common divisor of 277762 and 27666053?
4789
Calculate the highest common divisor of 3 and 335583816.
3
Calculate the greatest common factor of 1267 and 1129307508.
1267
What is the highest common factor of 170487 and 155952?
171
Calculate the greatest common factor of 750 and 7442625.
375
Calculate the greatest common divisor of 1261 and 814218.
97
Calculate the highest common factor of 6498 and 325584.
342
What is the highest common factor of 1845 and 6557991?
123
What is the highest common factor of 68 and 129273542?
34
Calculate the greatest common factor of 27130045 and 71910.
3995
What is the highest common factor of 1744944 and 288?
48
Calculate the highest common divisor of 23600 and 32864888.
472
Calculate the highest common divisor of 2920077 and 73075.
2923
Calculate the highest common divisor of 35166408 and 329835.
5997
Calculate the highest common divisor of 24 and 31786524.
12
Calculate the greatest common divisor of 23549929 and 13.
13
Calculate the highest common divisor of 265905 and 25.
5
What is the greatest common divisor of 1615517 and 1067321?
4153
What is the greatest common factor of 8793020 and 13280?
1660
What is the greatest common divisor of 234 and 9196278?
78
What is the highest common divisor of 26511252 and 36?
12
Calculate the greatest common factor of 1749 and 204180009.
1749
Calculate the highest common divisor of 2921432 and 808.
8
What is the greatest common divisor of 111353 and 141668329?
2101
What is the greatest common divisor of 147 and 58080351?
21
What is the greatest common divisor of 554844 and 36?
12
What is the highest common divisor of 2172 and 7455390?
1086
What is the greatest common divisor of 35880 and 2034240?
1560
What is the greatest common divisor of 840084 and 1272?
12
What is the highest common divisor of 882531 and 308178?
117
Calculate the greatest common divisor of 8 and 443360280.
8
What is the highest common divisor of 219 and 557732848?
73
What is the highest common divisor of 13124067 and 6534?
33
What is the highest common factor of 6583356 and 4342?
26
What is the greatest common factor of 135 and 3973985?
5
Calculate the highest common factor of 89 and 727803374.
89
Calculate the greatest common divisor of 48 and 140935632.
48
What is the highest common divisor of 5725 and 48050?
25
Calculate the highest common divisor of 2629942245 and 3013.
3013
Calculate the highest common factor of 30783120 and 12.
12
What is the highest common divisor of 37971563 and 35?
7
What is the highest common divisor of 2167 and 11870629?
197
Calculate the highest common divisor of 472604535 and 15.
15
What is the greatest common divisor of 19312 and 1284470088?
9656
Calculate the greatest common factor of 1887 and 278613.
51
Calculate the highest common factor of 237330909 and 1611.
1611
What is the greatest common divisor of 58830 and 8056?
106
What is the greatest common divisor of 3019948 and 3493?
499
Calculate the greatest common divisor of 96955945 and 10.
5
Calculate the greatest common factor of 1325917 and 94.
47
What is the highest common factor of 216137709 and 3?
3
Calculate the greatest common factor of 1131 and 4511923.
13
Calculate the highest common factor of 244915247 and 2923.
2923
What is the greatest common divisor of 2716 and 1470908?
388
What is the highest common divisor of 2404 and 26997521?
601
What is the greatest common divisor of 1166873 and 3625?
29
What is the highest common factor of 20646392 and 2704?
1352
What is the greatest common divisor of 3905 and 17608?
71
What is the greatest common divisor of 412772 and 27254108?
11156
What is the highest 